{"id":6,"date":"2016-06-12T15:51:20","date_gmt":"2016-06-12T15:51:20","guid":{"rendered":"http:\/\/abc-symposium.org\/?page_id=6"},"modified":"2025-10-14T10:30:29","modified_gmt":"2025-10-14T08:30:29","slug":"wichtige-termine","status":"publish","type":"page","link":"https:\/\/abc-symposium.org\/?page_id=6","title":{"rendered":"Wichtige Termine"},"content":{"rendered":"<h2><strong>Termine f\u00fcr das Symposium 2025<\/strong><\/h2>\n<p>Beginn der Anmeldung:\u00a0\u00a0\u00a0\u00a0\u00a0\u00a0\u00a0\u00a0\u00a0\u00a0\u00a0\u00a0\u00a0\u00a0\u00a0\u00a0\u00a0\u00a0\u00a0\u00a0\u00a0\u00a0\u00a0\u00a0\u00a0\u00a0\u00a0\u00a0\u00a0\u00a0\u00a0\u00a0\u00a0\u00a0\u00a0 \u00a0\u00a015.08.2025<\/p>\n<p>01.08.2025 (F\u00fcr Vereinsmitglieder)<\/p>\n<p>Zahlungsziel\/Ende der Anmeldung\/Warteliste:\u00a0\u00a0 13.10.2025<\/p>\n<p>Auftaktveranstaltung:\u00a0\u00a0\u00a0\u00a0\u00a0\u00a0\u00a0\u00a0\u00a0\u00a0\u00a0\u00a0\u00a0\u00a0\u00a0\u00a0\u00a0\u00a0\u00a0\u00a0\u00a0\u00a0\u00a0\u00a0\u00a0\u00a0\u00a0\u00a0\u00a0\u00a0\u00a0\u00a0\u00a0\u00a0\u00a0\u00a0\u00a0\u00a0 \u00a0 \u00a0 07.11.2025<\/p>\n<h4>Symposium ABC-Gefahren:\u00a0\u00a0\u00a0\u00a0\u00a0\u00a0\u00a0\u00a0\u00a0\u00a0\u00a0\u00a0\u00a0\u00a0\u00a0\u00a0\u00a0\u00a0\u00a0 \u00a0 \u00a0 08.11.2025<\/h4>\n<p><em><br \/>\n<\/em>Eine Erstattung der Teilnahmegeb\u00fchr ist ab 21 Tagen vor Veranstaltungsbeginn nicht mehr m\u00f6glich.<\/p>\n<p>\u00c4nderungen vorbehalten!<\/p>\n","protected":false},"excerpt":{"rendered":"<p>Termine f\u00fcr das Symposium 2025 Beginn der Anmeldung:\u00a0\u00a0\u00a0\u00a0\u00a0\u00a0\u00a0\u00a0\u00a0\u00a0\u00a0\u00a0\u00a0\u00a0\u00a0\u00a0\u00a0\u00a0\u00a0\u00a0\u00a0\u00a0\u00a0\u00a0\u00a0\u00a0\u00a0\u00a0\u00a0\u00a0\u00a0\u00a0\u00a0\u00a0\u00a0 \u00a0\u00a015.08.2025 01.08.2025 (F\u00fcr Vereinsmitglieder) Zahlungsziel\/Ende der Anmeldung\/Warteliste:\u00a0\u00a0 13.10.2025 Auftaktveranstaltung:\u00a0\u00a0\u00a0\u00a0\u00a0\u00a0\u00a0\u00a0\u00a0\u00a0\u00a0\u00a0\u00a0\u00a0\u00a0\u00a0\u00a0\u00a0\u00a0\u00a0\u00a0\u00a0\u00a0\u00a0\u00a0\u00a0\u00a0\u00a0\u00a0\u00a0\u00a0\u00a0\u00a0\u00a0\u00a0\u00a0\u00a0\u00a0 \u00a0 \u00a0 07.11.2025 Symposium ABC-Gefahren:\u00a0\u00a0\u00a0\u00a0\u00a0\u00a0\u00a0\u00a0\u00a0\u00a0\u00a0\u00a0\u00a0\u00a0\u00a0\u00a0\u00a0\u00a0\u00a0 \u00a0 \u00a0 08.11.2025 Eine Erstattung der Teilnahmegeb\u00fchr ist ab 21 Tagen vor Veranstaltungsbeginn nicht mehr m\u00f6glich. \u00c4nderungen vorbehalten!<\/p>\n","protected":false},"author":1,"featured_media":0,"parent":0,"menu_order":0,"comment_status":"closed","ping_status":"closed","template":"","meta":{"jetpack_post_was_ever_published":false,"footnotes":""},"jetpack_sharing_enabled":true,"jetpack_shortlink":"https:\/\/wp.me\/P7Dlr6-6","jetpack-related-posts":[],"_links":{"self":[{"href":"https:\/\/abc-symposium.org\/index.php?rest_route=\/wp\/v2\/pages\/6"}],"collection":[{"href":"https:\/\/abc-symposium.org\/index.php?rest_route=\/wp\/v2\/pages"}],"about":[{"href":"https:\/\/abc-symposium.org\/index.php?rest_route=\/wp\/v2\/types\/page"}],"author":[{"embeddable":true,"href":"https:\/\/abc-symposium.org\/index.php?rest_route=\/wp\/v2\/users\/1"}],"replies":[{"embeddable":true,"href":"https:\/\/abc-symposium.org\/index.php?rest_route=%2Fwp%2Fv2%2Fcomments&post=6"}],"version-history":[{"count":42,"href":"https:\/\/abc-symposium.org\/index.php?rest_route=\/wp\/v2\/pages\/6\/revisions"}],"predecessor-version":[{"id":865,"href":"https:\/\/abc-symposium.org\/index.php?rest_route=\/wp\/v2\/pages\/6\/revisions\/865"}],"wp:attachment":[{"href":"https:\/\/abc-symposium.org\/index.php?rest_route=%2Fwp%2Fv2%2Fmedia&parent=6"}],"curies":[{"name":"wp","href":"https:\/\/api.w.org\/{rel}","templated":true}]}}